 1725?
7
What is the ten thousands digit of 136665?
3
What is the ten thousands digit of 84575?
8
What is the units digit of 4428?
8
What is the thousands digit of 2904?
2
What is the hundreds digit of 554?
5
What is the units digit of 34400?
0
What is the tens digit of 1982?
8
What is the tens digit of 220?
2
What is the units digit of 1590?
0
What is the ten thousands digit of 15713?
1
What is the hundreds digit of 5896?
8
What is the ten thousands digit of 19381?
1
What is the tens digit of 721?
2
What is the hundreds digit of 1417?
4
What is the thousands digit of 5911?
5
What is the tens digit of 7588?
8
What is the units digit of 37057?
7
What is the hundreds digit of 3819?
8
What is the hundreds digit of 3908?
9
What is the tens digit of 44958?
5
What is the units digit of 869?
9
What is the hundreds digit of 126719?
7
What is the tens digit of 1573?
7
What is the tens digit of 537?
3
What is the hundreds digit of 541?
5
What is the units digit of 1609?
9
What is the tens digit of 16255?
5
What is the hundreds digit of 1528?
5
What is the units digit of 336?
6
What is the ten thousands digit of 61841?
6
What is the units digit of 339?
9
What is the tens digit of 157386?
8
What is the thousands digit of 3000?
3
What is the units digit of 5961?
1
What is the units digit of 10021?
1
What is the thousands digit of 28611?
8
What is the tens digit of 2803?
0
What is the thousands digit of 6596?
6
What is the ten thousands digit of 34187?
3
What is the tens digit of 115?
1
What is the hundreds digit of 18867?
8
What is the hundreds digit of 324?
3
What is the ten thousands digit of 25306?
2
What is the hundreds digit of 16131?
1
What is the tens digit of 5530?
3
What is the hundreds digit of 515?
5
What is the thousands digit of 24645?
4
What is the thousands digit of 53852?
3
What is the tens digit of 23942?
4
What is the ten thousands digit of 50894?
5
What is the ten thousands digit of 17150?
1
What is the units digit of 39?
9
What is the units digit of 4518?
8
What is the units digit of 1222?
2
What is the units digit of 737?
7
What is the tens digit of 882?
8
What is the hundreds digit of 133?
1
What is the units digit of 18300?
0
What is the tens digit of 193?
9
What is the units digit of 31657?
7
What is the ten thousands digit of 24575?
2
What is the tens digit of 92?
9
What is the units digit of 9339?
9
What is the tens digit of 366?
6
What is the tens digit of 999?
9
What is the tens digit of 2281?
8
What is the ten thousands digit of 17247?
1
What is the hundreds digit of 969?
9
What is the hundreds digit of 2598?
5
What is the ten thousands digit of 28226?
2
What is the hundreds digit of 37104?
1
What is the tens digit of 1494?
9
What is the tens digit of 13871?
7
What is the units digit of 8613?
3
What is the units digit of 22645?
5
What is the ten thousands digit of 20455?
2
What is the hundreds digit of 684?
6
What is the tens digit of 11773?
7
What is the thousands digit of 7726?
7
What is the hundreds digit of 54731?
7
What is the units digit of 9?
9
What is the ten thousands digit of 25922?
2
What is the tens digit of 1833?
3
What is the tens digit of 901?
0
What is the thousands digit of 1142?
1
What is the tens digit of 464?
6
What is the tens digit of 10465?
6
What is the units digit of 8256?
6
What is the thousands digit of 16298?
6
What is the thousands digit of 3265?
3
What is the units digit of 34964?
4
What is the thousands digit of 5990?
5
What is the tens digit of 3177?
7
What is the hundreds digit of 9288?
2
What is the ten thousands digit of 33953?
3
What is the hundreds digit of 156?
1
What is the hundreds digit of 211?
2
What is the hundreds digit of 2180?
1
What is the hundreds digit of 4348?
3
What is the hundreds digit of 172727?
7
What is the thousands digit of 24097?
4
What is the tens digit of 2507?
0
What is the thousands digit of 1986?
1
What is the ten thousands digit of 65812?
6
What is the tens digit of 1127?
2
What is the tens digit of 6399?
9
What is the hundreds digit of 4574?
5
What is the tens digit of 7030?
3
What is the tens digit of 63672?
7
What is the thousands digit of 15950?
5
What is the units digit of 2282?
2
What is the hundreds digit of 470?
4
What is the thousands digit of 1065?
1
What is the thousands digit of 159730?
9
What is the hundreds digit of 87368?
3
What is the units digit of 1919?
9
What is the ten thousands digit of 52757?
5
What is the tens digit of 128?
2
What is the units digit of 5986?
6
What is the units digit of 21569?
9
What is the hundreds digit of 909?
9
What is the hundreds digit of 6428?
4
What is the thousands digit of 24774?
4
What is the units digit of 122581?
1
What is the units digit of 85266?
6
What is the units digit of 2482?
2
What is the tens digit of 684?
8
What is the hundreds digit of 1763?
7
What is the units digit of 6544?
4
What is the units digit of 398?
8
What is the thousands digit of 19234?
9
What is the units digit of 2206?
6
What is the hundreds digit of 43879?
8
What is the tens digit of 116307?
0
What is the units digit of 12602?
2
What is the units digit of 34617?
7
What is the units digit of 17777?
7
What is the hundreds digit of 413?
4
What is the tens digit of 10702?
0
What is the units digit of 2611?
1
What is the tens digit of 48729?
2
What is the units digit of 649?
9
What is the thousands digit of 3173?
3
What is the thousands digit of 2088?
2
What is the ten thousands digit of 125567?
2
What is the ten thousands digit of 18415?
1
What is the tens digit of 2822?
2
What is the thousands digit of 20057?
0
What is the units digit of 15622?
2
What is the tens digit of 80842?
4
What is the units digit of 4713?
3
What is the ten thousands digit of 15075?
1
What is the tens digit of 3910?
1
What is the units digit of 3066?
6
What is the hundred thousands digit of 148609?
1
What is the hundreds digit of 801?
8
What is the units digit of 15569?
9
What is the hundred thousands digit of 117251?
1
What is the hundreds digit of 5527?
5
What is the hundreds digit of 2251?
2
What is the thousands digit of 31708?
1
What is the hundreds digit of 381?
3
What is the units digit of 181102?
2
What is the units digit of 3797?
7
What is the ten thousands digit of 41966?
4
What is the thousands digit of 3086?
3
What is the hundreds digit of 26928?
9
What is the hundreds digit of 10737?
7
What is the tens digit of 16085?
8
What is the tens digit of 2332?
3
What is the units digit of 31839?
9
What is the units digit of 493?
3
What is the hundreds digit of 8835?
8
What is the tens digit of 2403?
0
What is the units digit of 13393?
3
What is the thousands digit of 2324?
2
What is the thousands digit of 14238?
4
What is the units digit of 1850?
0
What is the tens digit of 1040?
4
What is the hundreds digit of 82220?
2
What is the tens digit of 260?
6
What is the units digit of 20404?
4
What is the ten thousands digit of 62645?
6
What is the hundreds digit of 15007?
0
What is the hundreds digit of 3743?
7
What is the hundreds digit of 351?
3
What is the thousands digit of 34373?
4
What is the tens digit of 8226?
2
What is the thousands digit of 87253?
7
What is the hundreds digit of 4935?
9
What is the tens digit of 103007?
0
What is the thousands digit of 10304?
0
What is the units digit of 15133?
3
What is the hundreds digit of 12977?
9
What is the tens digit of 9229?
2
What is the ten thousands digit of 111801?
1
What is the hundreds digit of 5134?
1
What is the tens digit of 538?
3
What is the units digit of 107?
7
What is the tens digit of 21020?
2
What is the ten thousands digit of 104365?
0
What is the hundreds digit of 4878?
8
What is the thousands digit of 16341?
6
What is the tens digit of 73498?
9
What is the ten thousands digit of 24567?
2
What is the hundreds digit of 2700?
7
What is the hundreds digit of 61748?
7
What is the tens digit of 45163?
6
What is the thousands digit of 96654?
6
What is the hundreds digit of 3799?
7
What is the units digit of 25710?
0
What is the thousands digit of 13046?
3
What is the hundreds digit of 6550?
5
What is the hundred thousands digit of 118090?
1
What is the thousands digit of 17406?
7
What is the units digit of 38609?
9
What is the thousands digit of 15292?
5
What is the hundreds digit of 1989?
9
What is